f(u) = -u + 18. Let i be f(-8). What is the highest common divisor of i and m?
13
Let h = -236 + 285. What is the greatest common factor of h and 147?
49
Suppose -10*f = -8*f - 5*w - 230, 0 = 2*f + 5*w - 210. Calculate the greatest common divisor of 165 and f.
55
Let d = 328 - 284. Let j = -7 - -18. Calculate the highest common divisor of j and d.
11
Let h be 89*(-4 + 6) + -4. Suppose y - 3*y = -h. What is the greatest common divisor of 29 and y?
29
Let k be (120 + 7 - 7) + 0. What is the highest common divisor of k and 24?
24
Let x(w) = 6*w**2 - 12*w + 2. Let t be x(3). What is the highest common factor of t and 5?
5
Suppose 0 = 2*m - 18*m + 2944. Suppose -5*n = -10*n + 95. Suppose s - n = 4. Calculate the highest common factor of s and m.
23
Suppose -j - 5*u = 1, -3*j = -0*j - 3*u + 3. Let a be 12/18*(11 - j). What is the greatest common divisor of a and 8?
8
Suppose 0 = 4*z - 4. Let h be (-260)/39*(2 + z). Let n be ((-6)/(-10))/((-2)/h). What is the highest common divisor of n and 12?
6
Suppose 8*m - 274 = 270. Suppose 4*q = 4*i + 48, 3*i + 2 = q - 0*i. What is the highest common divisor of m and q?
17
Let n(o) = -2*o**3 + 5*o**2 - 1. Let q be n(2). Let h be 44/(-12) + 3 + 56/q. Calculate the highest common factor of h and 198.
18
Suppose 189*s - 864 = 177*s. Calculate the greatest common factor of 162 and s.
18
Let q = -139 + 240. Let s be q - 2/(-1 - -3). Suppose 0 = 3*n + 5*l - 0*l - 60, 3*n - 3*l - 60 = 0. Calculate the highest common divisor of n and s.
20
Suppose -5*s - 370 = -470. Calculate the highest common divisor of 430 and s.
10
Suppose -3*j = 3*s - 15, 1 = 2*s + 7. What is the greatest common factor of 10 and j?
2
Let n = -18 - -36. Let x(t) = t**3 - 43*t**2 + 93*t - 307. Let f be x(41). Calculate the greatest common divisor of n and f.
18
Suppose 3*u - 2 - 8 = 2*o, 3*u - 3*o = 6. Let a = u - -9. Calculate the highest common divisor of a and 60.
15
Let n(u) = u**2 - u + 21. Let b be n(-13). What is the greatest common factor of b and 58?
29
Let t(r) = -r**3 + 11*r**2 + 12*r + 12. Let b be t(12). Suppose -6*c + b = -3*c. Suppose 84 + 228 = c*g. What is the highest common divisor of 26 and g?
26
Suppose -4*t = -2*x - 18, -t - x = -8 - 1. Let z = 533 - 524. What is the greatest common divisor of z and t?
3
Let b(s) = 10*s**2 + 2. Suppose 3*o + 4*o + 7 = 0. Let t be b(o). What is the highest common divisor of 108 and t?
12
Let f(c) = 55*c + 1. Let i be f(2). Suppose 0*s = -s + i. What is the highest common factor of s and 74?
37
Let k = 912 + -672. What is the greatest common divisor of k and 144?
48
Let x be (4 + -5 + 2)/1. Suppose -4*q + 2*h = -20, -3*q + h + 4*h + x = 0. Calculate the greatest common divisor of 1 and q.
1
Suppose -6*b = -b + u + 32, 5*u - 20 = 5*b. Let w = b - -11. Suppose 5*h - w*m = 105, 7*h = 2*h + 2*m + 90. What is the highest common divisor of 48 and h?
16
Let s = -1754 + 2099. What is the highest common factor of s and 276?
69
Let z = 1365 + -1064. Calculate the greatest common factor of z and 258.
43
Let r(o) = -o**2. Let q be r(0). Suppose q = -t, 2*i - 4*t - 465 = -i. What is the highest common factor of 62 and i?
31
Let w be ((-2)/(-4))/(3/30). Suppose -3*b + 16 = w*a, 5*b - 5*a - 75 = 5. Let v be 3/(b/4) + 56. Calculate the highest common divisor of v and 19.
19
Let g be (-1 + 2)*-2 - -8. Let o be (-268)/(-18) + 5/45. Calculate the greatest common factor of g and o.
3
Let f = 37 + -23. Suppose -f + 98 = 3*q. Let l = 160 - -92. Calculate the greatest common divisor of q and l.
28
Let q be (-36 - -47)*29/(0 + 1). What is the greatest common divisor of q and 11?
11
Suppose i = -i - 3*d + 449, 3*d - 229 = -i. What is the greatest common divisor of i and 22?
22
Suppose 0 = n - 4*n + 63. Suppose -2*y = 4*y - 54. Suppose y*j - 945 = -0*j. What is the greatest common factor of n and j?
21
Let x(b) = -8 + 12*b - 8 + 13 - b**2. Let a be x(9). Calculate the highest common factor of a and 36.
12
Let g(w) = -w**2 + 8*w - 10. Let x be g(4). Let b(y) = 2*y**2 - 6*y + 4. Let n be b(x). Calculate the highest common divisor of 4 and n.
4
Let t be ((-4)/(-6))/((-1)/3). Let y = 12 + t. Let s = y - 5. What is the greatest common divisor of 15 and s?
5
Let n = -6 - -10. Suppose -2*f - t - 77 = 0, -4*f - n*t - 42 - 122 = 0. Let c be 8/f + (-56)/(-9). What is the greatest common divisor of 42 and c?
6
Let m be 18/2 + 20 + -24. Calculate the greatest common factor of m and 320.
5
Let z(l) = -l**3 + 11*l**2 + 9*l - 14. Let v be z(6). What is the highest common divisor of v and 160?
20
Suppose -5 = -4*p + 7. Suppose 0 = 8*n - p*n + 245. Let s = n - -82. What is the highest common factor of s and 33?
33
Let g be (-8)/(-2) + -6 + 7. Suppose g*c - 59 = 1. Suppose -3*y = 2*n - 60, -5*y - 51 = -5*n + 49. Calculate the highest common factor of n and c.
12
Suppose 5*n = 15, x + 4*x = -5*n + 80. Suppose 3*l = x + 35. Calculate the highest common divisor of 32 and l.
16
Let x(n) = -6*n - 7. Let g = -19 + 15. Let p be x(g). Calculate the highest common factor of p and 34.
17
Let c(m) = 7*m - 18. Let a be c(7). Calculate the greatest common factor of 93 and a.
31
Suppose 406 = -25*p + 26*p. What is the highest common divisor of 174 and p?
58
Suppose -2*o + 3*f = 22 + 2, o = -4*f - 12. Let i be 45/(-12) + 4 + (-237)/o. Calculate the greatest common factor of i and 10.
10
Let y(s) = -2*s**3 + 31*s**2 - 15*s + 3. Let x be y(15). Let r(v) = 9*v - 9. Let a be r(x). What is the greatest common divisor of a and 24?
6
Let w be (-4)/(-24) + (5474/(-12))/(-23). Calculate the highest common divisor of 95 and w.
5
Let v be (10/(-15))/(1 - (-490)/(-486)). What is the greatest common divisor of v and 27?
27
Let l(j) = j**3 + 6*j**2 - 8*j - 13. Let g be l(-7). Let i(t) = -9*t - 12. Let n be i(g). Calculate the greatest common divisor of 63 and n.
21
Let m = 62 + -40. Let u be 7*(8/(-14))/(-2). Suppose -142 = -6*p + u*p - 2*i, 0 = -2*p - 4*i + 86. What is the greatest common divisor of m and p?
11
Let x be 112 + (-4)/(-2) - -1. Suppose -8*z = -3*z - x. Suppose 5*j = 12 + z. What is the greatest common factor of j and 35?
7
Let w(n) = n**3 - 7*n**2 + 7*n - 4. Let z be w(6). Let b be ((-4)/((-8)/(-3)))/(-3)*z. Let x = -12 - -19. Calculate the highest common factor of b and x.
1
Suppose 2*x - 3*x = 5*h - 117, 15 = -5*h. What is the greatest common factor of 33 and x?
33
Let z = -30 + 10. Let o = z - -16. Let n be (330/(-21))/(o/28). Calculate the greatest common factor of 10 and n.
10
Suppose 231 = -5*x + 591. Calculate the greatest common divisor of 456 and x.
24
Let t = 563 + -329. Calculate the greatest common divisor of 52 and t.
26
Let y be ((-8)/4 + 1)*(5 + -564). Calculate the highest common factor of y and 13.
13
Let z = 7 + -2. Suppose 28*b + 91 - 651 = 0. Calculate the highest common factor of z and b.
5
Suppose -2034 = 4*p - 154. Let y = p - -745. What is the highest common divisor of 25 and y?
25
Suppose -12 = -4*i, 4*w + 140 = 5*i + 437. Suppose -5*y + 7*y - 73 = 3*v, -2*y = -4*v - w. What is the greatest common divisor of 29 and y?
29
Let j(w) = 4*w + 17. Let h be j(7). Let c(i) = 24*i - 18. Let y be c(2). What is the greatest common divisor of y and h?
15
Suppose -5*u = -4*b + 119, 0 = -4*b - 0*u + 3*u + 129. Let g = 115 + -111. Calculate the greatest common divisor of b and g.
4
Let l(d) = 90*d + 55. Let b be l(4). What is the highest common factor of b and 332?
83
Let j(z) = -z**3 - 21*z**2 + 18*z + 71. Let p be j(-22). What is the highest common factor of 53 and p?
53
Let z be 0/((1 - -2) + -1). Let m = -234 + 239. Suppose -2*a - 12 = -2*v - z*a, -2*v + m*a + 6 = 0. What is the greatest common factor of 88 and v?
8
Let x(g) = -g**3 + 6*g**2 + 11*g + 10. Let z be x(7). Suppose -6*a + 3*a = 0. Let l be (-116 + 2)/(a - 2). Calculate the highest common factor of z and l.
19
Let m be 120/28 + (-4)/14. Suppose -10*i + 32 = -9*i. What is the highest common divisor of m and i?
4
Let a(n) = -n**3 - 2*n**2 - 2*n - 1. Let w be a(-1). Suppose w = -r + 1 + 2. Let q be r + -2 + (5 - 0). Calculate the highest common factor of q and 54.
6
Suppose -34 = 3*j + 11. Let s be 10/4*5/(j/(-6)). What is the highest common factor of 40 and s?
5
Let k = 5 + 7. Suppose r + 5*c = 147, 0 = 4*r + c - 2*c - 525. What is the highest common divisor of r and k?
12
Sup